



{"id":359,"date":"2024-05-26T15:28:22","date_gmt":"2024-05-26T12:28:22","guid":{"rendered":"https:\/\/burcukaplan.com\/?page_id=359"},"modified":"2024-05-26T18:02:30","modified_gmt":"2024-05-26T15:02:30","slug":"uzmanliklarim","status":"publish","type":"page","link":"https:\/\/burcukaplan.com\/index.php\/uzmanliklarim\/","title":{"rendered":"Uzmanl\u0131klar\u0131m"},"content":{"rendered":"<p><section class=\"kc-elm kc-css-869883 kc_row\"><div class=\"kc-row-container  kc-container\"><div class=\"kc-wrap-columns\"><div class=\"kc-elm kc-css-746654 kc_col-sm-12 kc_column kc_col-sm-12\"><div class=\"kc-col-container\">\n<div class=\"kc-elm kc-css-23382 kc-title-wrap \">\n\n\t<h3 class=\"kc_title\">Uzmanl\u0131klar\u0131m<\/h3>\n<\/div>\n<div class=\"kc-elm kc-css-225976\" style=\"height: 20px; clear: both; width:100%;\"><\/div><\/div><\/div><\/div><\/div><\/section><section class=\"kc-elm kc-css-814349 kc_row\"><div class=\"kc-row-container  kc-container\"><div class=\"kc-wrap-columns\"><div class=\"kc-elm kc-css-935518 kc_col-sm-6 kc_column kc_col-sm-6\"><div class=\"kc-col-container\">\n<div class=\"kc-elm kc-css-644729 kc-pro-button kc-button-main\">\n\t<a href=\"https:\/\/burcukaplan.com\/index.php\/ozel-egitim-uzmanligi\/\" title=\"\u00d6ZEL E\u011e\u0130T\u0130M UZMANLI\u011eI\">\n\t\t<span class=\"creative_title\">\u00d6ZEL E\u011e\u0130T\u0130M UZMANLI\u011eI<\/span>\t<\/a>\n<\/div>\n<div class=\"kc-elm kc-css-716818\" style=\"height: 20px; clear: both; width:100%;\"><\/div><\/div><\/div><div class=\"kc-elm kc-css-981894 kc_col-sm-6 kc_column kc_col-sm-6\"><div class=\"kc-col-container\">\n<div class=\"kc-elm kc-css-396737 kc-pro-button kc-button-main\">\n\t<a href=\"https:\/\/burcukaplan.com\/index.php\/cocuk-gelisimi\/\" title=\"\u00d6ZEL E\u011e\u0130T\u0130M UZMANLI\u011eI\">\n\t\t<span class=\"creative_title\">\u00c7OCUK GEL\u0130\u015e\u0130M\u0130<\/span>\t<\/a>\n<\/div>\n<div class=\"kc-elm kc-css-655573\" style=\"height: 20px; clear: both; width:100%;\"><\/div><\/div><\/div><\/div><\/div><\/section><section class=\"kc-elm kc-css-444896 kc_row\"><div class=\"kc-row-container  kc-container\"><div class=\"kc-wrap-columns\"><div class=\"kc-elm kc-css-930872 kc_col-sm-6 kc_column kc_col-sm-6\"><div class=\"kc-col-container\">\n<div class=\"kc-elm kc-css-396425 kc-pro-button kc-button-main\">\n\t<a href=\"https:\/\/burcukaplan.com\/index.php\/yasam-koclugu-ve-designer\/\" title=\"\u00d6ZEL E\u011e\u0130T\u0130M UZMANLI\u011eI\">\n\t\t<span class=\"creative_title\">YA\u015eAM KO\u00c7LU\u011eU VE DES\u0130GNER<\/span>\t<\/a>\n<\/div>\n<div class=\"kc-elm kc-css-581594\" style=\"height: 20px; clear: both; width:100%;\"><\/div><\/div><\/div><div class=\"kc-elm kc-css-769187 kc_col-sm-6 kc_column kc_col-sm-6\"><div class=\"kc-col-container\">\n<div class=\"kc-elm kc-css-256192 kc-pro-button kc-button-main\">\n\t<a href=\"https:\/\/burcukaplan.com\/index.php\/psikoloji\/\" title=\"\u00d6ZEL E\u011e\u0130T\u0130M UZMANLI\u011eI\">\n\t\t<span class=\"creative_title\">PS\u0130KOLOJ\u0130<\/span>\t<\/a>\n<\/div>\n<div class=\"kc-elm kc-css-682025\" style=\"height: 20px; clear: both; width:100%;\"><\/div><\/div><\/div><\/div><\/div><\/section><section class=\"kc-elm kc-css-700629 kc_row\"><div class=\"kc-row-container  kc-container\"><div class=\"kc-wrap-columns\"><div class=\"kc-elm kc-css-232780 kc_col-sm-6 kc_column kc_col-sm-6\"><div class=\"kc-col-container\">\n<div class=\"kc-elm kc-css-506106 kc-pro-button kc-button-main\">\n\t<a href=\"https:\/\/burcukaplan.com\/index.php\/oyun-terapisi\/\" title=\"\u00d6ZEL E\u011e\u0130T\u0130M UZMANLI\u011eI\">\n\t\t<span class=\"creative_title\">OYUN TERAP\u0130S\u0130<\/span>\t<\/a>\n<\/div>\n<div class=\"kc-elm kc-css-828602\" style=\"height: 20px; clear: both; width:100%;\"><\/div><\/div><\/div><div class=\"kc-elm kc-css-826366 kc_col-sm-6 kc_column kc_col-sm-6\"><div class=\"kc-col-container\">\n<div class=\"kc-elm kc-css-539967 kc-pro-button kc-button-main\">\n\t<a href=\"https:\/\/burcukaplan.com\/index.php\/dir-floortime-2\/\" title=\"\u00d6ZEL E\u011e\u0130T\u0130M UZMANLI\u011eI\">\n\t\t<span class=\"creative_title\">DIR FLOORTIME<\/span>\t<\/a>\n<\/div>\n<div class=\"kc-elm kc-css-772871\" style=\"height: 20px; clear: both; width:100%;\"><\/div><\/div><\/div><\/div><\/div><\/section><section class=\"kc-elm kc-css-470930 kc_row\"><div class=\"kc-row-container  kc-container\"><div class=\"kc-wrap-columns\"><div class=\"kc-elm kc-css-67686 kc_col-sm-6 kc_column kc_col-sm-6\"><div class=\"kc-col-container\">\n<div class=\"kc-elm kc-css-151585 kc-pro-button kc-button-main\">\n\t<a href=\"https:\/\/burcukaplan.com\/index.php\/oyun-terapisi\/\" title=\"\u00d6ZEL E\u011e\u0130T\u0130M UZMANLI\u011eI\">\n\t\t<span class=\"creative_title\">THERAPLAY<\/span>\t<\/a>\n<\/div>\n<div class=\"kc-elm kc-css-79858\" style=\"height: 20px; clear: both; width:100%;\"><\/div><\/div><\/div><div class=\"kc-elm kc-css-694572 kc_col-sm-6 kc_column kc_col-sm-6\"><div class=\"kc-col-container\">\n<div class=\"kc-elm kc-css-292072 kc-pro-button kc-button-main\">\n\t<a href=\"https:\/\/burcukaplan.com\/index.php\/zihin-kurami-ve-sosyal-beceriler\/\" title=\"\u00d6ZEL E\u011e\u0130T\u0130M UZMANLI\u011eI\">\n\t\t<span class=\"creative_title\">Z\u0130H\u0130N KURAMI<\/span>\t<\/a>\n<\/div>\n<div class=\"kc-elm kc-css-219141\" style=\"height: 20px; clear: both; width:100%;\"><\/div><\/div><\/div><\/div><\/div><\/section><section class=\"kc-elm kc-css-492161 kc_row\"><div class=\"kc-row-container  kc-container\"><div class=\"kc-wrap-columns\"><div class=\"kc-elm kc-css-809228 kc_col-sm-6 kc_column kc_col-sm-6\"><div class=\"kc-col-container\">\n<div class=\"kc-elm kc-css-35484 kc-pro-button kc-button-main\">\n\t<a href=\"https:\/\/burcukaplan.com\/index.php\/cogent\/\" title=\"\u00d6ZEL E\u011e\u0130T\u0130M UZMANLI\u011eI\">\n\t\t<span class=\"creative_title\">COGENT<\/span>\t<\/a>\n<\/div>\n<div class=\"kc-elm kc-css-455956\" style=\"height: 20px; clear: both; width:100%;\"><\/div><\/div><\/div><div class=\"kc-elm kc-css-453010 kc_col-sm-6 kc_column kc_col-sm-6\"><div class=\"kc-col-container\">\n<div class=\"kc-elm kc-css-671637 kc-pro-button kc-button-main\">\n\t<a href=\"https:\/\/burcukaplan.com\/index.php\/objektif-test-uygulayici\/\" title=\"\u00d6ZEL E\u011e\u0130T\u0130M UZMANLI\u011eI\">\n\t\t<span class=\"creative_title\">OBJECT\u0130F TEST UYGULAYICI<\/span>\t<\/a>\n<\/div>\n<div class=\"kc-elm kc-css-194258\" style=\"height: 20px; clear: both; width:100%;\"><\/div><\/div><\/div><\/div><\/div><\/section><section class=\"kc-elm kc-css-638254 kc_row\"><div class=\"kc-row-container  kc-container\"><div class=\"kc-wrap-columns\"><div class=\"kc-elm kc-css-919921 kc_col-sm-6 kc_column kc_col-sm-6\"><div class=\"kc-col-container\">\n<div class=\"kc-elm kc-css-96824 kc-pro-button kc-button-main\">\n\t<a href=\"https:\/\/burcukaplan.com\/index.php\/cocuk-ve-ergen-yogasi\/\" title=\"\u00d6ZEL E\u011e\u0130T\u0130M UZMANLI\u011eI\">\n\t\t<span class=\"creative_title\">\u00c7OCUK VE ERGEN YOGASI<\/span>\t<\/a>\n<\/div>\n<div class=\"kc-elm kc-css-927992\" style=\"height: 20px; clear: both; width:100%;\"><\/div><\/div><\/div><div class=\"kc-elm kc-css-126392 kc_col-sm-6 kc_column kc_col-sm-6\"><div class=\"kc-col-container\">\n<div class=\"kc-elm kc-css-358606 kc-pro-button kc-button-main\">\n\t<a href=\"https:\/\/burcukaplan.com\/index.php\/cocuk-ve-ergen-yogasi\/\" title=\"\u00d6ZEL E\u011e\u0130T\u0130M UZMANLI\u011eI\">\n\t\t<span class=\"creative_title\">MASAL TERAP\u0130S\u0130<\/span>\t<\/a>\n<\/div>\n<div class=\"kc-elm kc-css-298356\" style=\"height: 20px; clear: both; width:100%;\"><\/div><\/div><\/div><\/div><\/div><\/section><\/p>\n","protected":false},"excerpt":{"rendered":"","protected":false},"author":1,"featured_media":0,"parent":0,"menu_order":0,"comment_status":"closed","ping_status":"closed","template":"","meta":[],"_links":{"self":[{"href":"https:\/\/burcukaplan.com\/index.php\/wp-json\/wp\/v2\/pages\/359"}],"collection":[{"href":"https:\/\/burcukaplan.com\/index.php\/wp-json\/wp\/v2\/pages"}],"about":[{"href":"https:\/\/burcukaplan.com\/index.php\/wp-json\/wp\/v2\/types\/page"}],"author":[{"embeddable":true,"href":"https:\/\/burcukaplan.com\/index.php\/wp-json\/wp\/v2\/users\/1"}],"replies":[{"embeddable":true,"href":"https:\/\/burcukaplan.com\/index.php\/wp-json\/wp\/v2\/comments?post=359"}],"version-history":[{"count":15,"href":"https:\/\/burcukaplan.com\/index.php\/wp-json\/wp\/v2\/pages\/359\/revisions"}],"predecessor-version":[{"id":456,"href":"https:\/\/burcukaplan.com\/index.php\/wp-json\/wp\/v2\/pages\/359\/revisions\/456"}],"wp:attachment":[{"href":"https:\/\/burcukaplan.com\/index.php\/wp-json\/wp\/v2\/media?parent=359"}],"curies":[{"name":"wp","href":"https:\/\/api.w.org\/{rel}","templated":true}]}}