



{"id":367,"date":"2024-05-26T15:43:48","date_gmt":"2024-05-26T12:43:48","guid":{"rendered":"https:\/\/burcukaplan.com\/?page_id=367"},"modified":"2024-05-30T21:12:13","modified_gmt":"2024-05-30T18:12:13","slug":"cogent","status":"publish","type":"page","link":"https:\/\/burcukaplan.com\/index.php\/cogent\/","title":{"rendered":"COGENT"},"content":{"rendered":"<p><section class=\"kc-elm kc-css-819777 kc_row\"><div class=\"kc-row-container  kc-container\"><div class=\"kc-wrap-columns\"><div class=\"kc-elm kc-css-823062 kc_col-sm-12 kc_column kc_col-sm-12\"><div class=\"kc-col-container\">\n<div class=\"kc-elm kc-css-741546 kc-title-wrap \">\n\n\t<h2 class=\"kc_title\">COGENT<\/h2><hr \/>\n<\/div>\n<\/div><\/div><\/div><\/div><\/section><section class=\"kc-elm kc-css-141728 kc_row\"><div class=\"kc-row-container  kc-container\"><div class=\"kc-wrap-columns\"><div class=\"kc-elm kc-css-942360 kc_col-sm-12 kc_column kc_col-sm-12\"><div class=\"kc-col-container\"><\/div><\/div><\/div><\/div><\/section><section class=\"kc-elm kc-css-655640 kc_row\"><div class=\"kc-row-container  kc-container\"><div class=\"kc-wrap-columns\"><div class=\"kc-elm kc-css-722178 kc_col-sm-12 kc_column kc_col-sm-12\"><div class=\"kc-col-container\"><div class=\"kc-elm kc-css-61107 kc_text_block\"><\/p>\n<p><strong>Ad\u0131 Neden T\u00fcrk\u00e7e COGENT?<\/strong><\/p>\n<p>Program orijinal dili olan \u0130ngilizce \u2019de Bili\u015fsel Geli\u015fim E\u011fitimi anlam\u0131na gelen Cognitive Enhancement Training kelimelerinden olu\u015fan bir k\u0131saltmadan ismini almaktad\u0131r. Program\u0131n global yap\u0131s\u0131 ve b\u00fct\u00fcnl\u00fc\u011f\u00fcn\u00fc korumak amac\u0131yla Prof. J. P. Das\u2019\u0131n izniyle T\u00fcrk\u00e7e COGENT olarak isimlendirilmi\u015ftir.<\/p>\n<p><strong>T\u00fcrk\u00e7e COGENT\u2019ten kimler yarar sa\u011flar?<\/strong><\/p>\n<p>Program \u00f6ncelikli olarak 4-7 ya\u015f aral\u0131\u011f\u0131nda yer alan normal ya da atipik geli\u015fim g\u00f6steren \u00e7ocuklar i\u00e7in tasarlanm\u0131\u015ft\u0131r. Ancak, okur-yazar \u00e7evreden yoksun kalm\u0131\u015f, hafif geli\u015fimsel gecikme ya\u015fayan, dile dair yetkinli\u011fi geli\u015fmemi\u015f, disleksi ya da \u00f6\u011frenme g\u00fc\u00e7l\u00fc\u011f\u00fcne dair risk alt\u0131nda olan ya da herhangi bir geli\u015fimsel farkl\u0131l\u0131k g\u00f6stermeyen t\u00fcm \u00e7ocuklarla \u00e7al\u0131\u015fmaya uygudur. Program orijinal dilinde \u00fc\u00e7\u00fcnc\u00fc s\u0131n\u0131fa devam eden ve orta-y\u00fcksek dereceli \u00f6\u011frenme g\u00fc\u00e7l\u00fc\u011f\u00fc vakalar\u0131nda da olumlu etkiler g\u00f6stermi\u015ftir.<\/p>\n<p><strong>T\u00fcrk\u00e7e COGENT ne de\u011fildir?<\/strong><\/p>\n<p>Mekanik bir yap\u0131s\u0131 olan, yap-bitir-kenara kald\u0131r t\u00fcr\u00fcnde, bir dizi egzersiz ya da antrenman de\u011fildir.<\/p>\n<p><strong>T\u00fcrk\u00e7e COGENT nedir?<\/strong><\/p>\n<p>Okuma ve akademik becerilere dair geli\u015fim i\u00e7in alternatif rotalar olu\u015fturan bir e\u011fitim program\u0131d\u0131r.<\/p>\n<p><strong>T\u00fcrk\u00e7e COGENT\u2019in ek \u00f6zellikleri nedir?<\/strong><\/p>\n<p>\u0130ngilizce d\u0131\u015f\u0131ndaki dillere adaptasyonu rahatl\u0131kla yap\u0131labilir. E\u011fitimcinin ya da \u00f6\u011frencinin do\u011fa\u00e7lama yapabilmesine olanak tan\u0131r, \u00f6\u011frencilerin katk\u0131 sunmas\u0131n\u0131 sa\u011flayan ve \u00f6\u011frenciyi etkin pozisyona getiren aktivitelere sahiptir, e\u011fitimci ve \u00f6\u011frencinin i\u015f birli\u011fine dayanan etkinlikleri sayesinde etkile\u015fim olu\u015fmas\u0131n\u0131 destekler ve her g\u00f6revinin arka plan\u0131nda mant\u0131\u011fa ve kuramsal bilgilere dayanan temelleri mevcuttur.<\/p>\n<p>\n<\/div><\/div><\/div><\/div><\/div><\/section><section class=\"kc-elm kc-css-535086 kc_row\"><div class=\"kc-row-container  kc-container\"><div class=\"kc-wrap-columns\"><div class=\"kc-elm kc-css-832065 kc_col-sm-12 kc_column kc_col-sm-12\"><div class=\"kc-col-container\">\n<div class=\"kc-elm kc-css-83803 kc-call-to-action kc-cta-3 kc-is-button\">\n\n\t<div class=\"kc-cta-desc\"><h2>De\u011ferlendirme ve Aile Bilgi Formu<\/h2><div class=\"kc-cta-text\">Detayl\u0131 bilgi almak i\u00e7in formu doldurunuz.\r\nUzmanlar\u0131m\u0131z en k\u0131sa s\u00fcrede sizinle ileti\u015fime ge\u00e7ecektir.<\/div><\/div><div class=\"kc-cta-button\"><a href=\"https:\/\/burcukaplan.com\/index.php\/degerlendirme-ve-aile-bilgi-formu\/\" title=\"DE\u011eERLEND\u0130RME VE A\u0130LE B\u0130LG\u0130 FORMU\">Forma git <span class=\"kc-cta-icon\"><i class=\"fab-wpforms\"><\/i><\/span><\/a><\/div>\n<\/div>\n<\/div><\/div><\/div><\/div><\/section><\/p>\n","protected":false},"excerpt":{"rendered":"","protected":false},"author":1,"featured_media":0,"parent":0,"menu_order":0,"comment_status":"closed","ping_status":"closed","template":"","meta":[],"_links":{"self":[{"href":"https:\/\/burcukaplan.com\/index.php\/wp-json\/wp\/v2\/pages\/367"}],"collection":[{"href":"https:\/\/burcukaplan.com\/index.php\/wp-json\/wp\/v2\/pages"}],"about":[{"href":"https:\/\/burcukaplan.com\/index.php\/wp-json\/wp\/v2\/types\/page"}],"author":[{"embeddable":true,"href":"https:\/\/burcukaplan.com\/index.php\/wp-json\/wp\/v2\/users\/1"}],"replies":[{"embeddable":true,"href":"https:\/\/burcukaplan.com\/index.php\/wp-json\/wp\/v2\/comments?post=367"}],"version-history":[{"count":7,"href":"https:\/\/burcukaplan.com\/index.php\/wp-json\/wp\/v2\/pages\/367\/revisions"}],"predecessor-version":[{"id":470,"href":"https:\/\/burcukaplan.com\/index.php\/wp-json\/wp\/v2\/pages\/367\/revisions\/470"}],"wp:attachment":[{"href":"https:\/\/burcukaplan.com\/index.php\/wp-json\/wp\/v2\/media?parent=367"}],"curies":[{"name":"wp","href":"https:\/\/api.w.org\/{rel}","templated":true}]}}