



{"id":400,"date":"2024-05-26T17:27:37","date_gmt":"2024-05-26T14:27:37","guid":{"rendered":"https:\/\/burcukaplan.com\/?page_id=400"},"modified":"2024-05-30T21:10:09","modified_gmt":"2024-05-30T18:10:09","slug":"objektif-test-uygulayici","status":"publish","type":"page","link":"https:\/\/burcukaplan.com\/index.php\/objektif-test-uygulayici\/","title":{"rendered":"OBJEKT\u0130F TEST UYGULAYICI"},"content":{"rendered":"<p><section class=\"kc-elm kc-css-113485 kc_row\"><div class=\"kc-row-container  kc-container\"><div class=\"kc-wrap-columns\"><div class=\"kc-elm kc-css-993962 kc_col-sm-12 kc_column kc_col-sm-12\"><div class=\"kc-col-container\">\n<div class=\"kc-elm kc-css-584733 kc-title-wrap \">\n\n\t<h2 class=\"kc_title\">OBJEKT\u0130F TEST UYGULAYICI<\/h2><hr \/>\n<\/div>\n<\/div><\/div><\/div><\/div><\/section><section class=\"kc-elm kc-css-655412 kc_row\"><div class=\"kc-row-container  kc-container\"><div class=\"kc-wrap-columns\"><div class=\"kc-elm kc-css-267081 kc_col-sm-12 kc_column kc_col-sm-12\"><div class=\"kc-col-container\"><div class=\"kc-elm kc-css-757042 kc_text_block\"><\/p>\n<ol>\n<li>GOOD ENOUGH-HAR\u0130S B\u0130R \u0130NSAN \u00c7\u0130Z TEST\u0130,Antalya,2017<\/li>\n<li>DRAW A PERSON TEST\u0130, Antalya, 2017<\/li>\n<li>B\u0130R A\u0130LE \u00c7\u0130Z TEST\u0130, Antalya, 2017<\/li>\n<li>GESSEL GEL\u0130\u015e\u0130M F\u0130G\u00dcRLER\u0130 TEST\u0130, Antalya, 2017<\/li>\n<li>CATTEL 2A ZEKA TEST\u0130, Antalya, 2017<\/li>\n<li>PEABODY RES\u0130M KEL\u0130ME E\u015eLE\u015eT\u0130RME TEST\u0130 Antalya,2017<\/li>\n<li>METROPOL\u0130TAN OKUL OLGUNLU\u011eU TEST\u0130, Antalya, 2017<\/li>\n<li>ANKARA GEL\u0130\u015e\u0130M TARAMA ENVANTER\u0130 (AGTE), Antalya, 2017<\/li>\n<li>PORTEUS LAB\u0130RENTLER\u0130 TEST\u0130 , Antalya , 2017<\/li>\n<li>KENT EGY S\u00d6ZEL IQ TEST\u0130, Antalya, 2017<\/li>\n<li>BURDON D\u0130KKAT TEST\u0130, Antalya, 2017<\/li>\n<li>BENDER GESTALT G\u00d6RSEL MOTOR ALGILAMA TEST\u0130, Antalya, 2017<\/li>\n<li>BE\u0130BER C\u00dcMLE TAMAMLAMA TEST\u0130, Antalya, 2017<\/li>\n<li>LU\u0130SA DUSS \u00d6YK\u00dc TAMAMLAMA TEST\u0130, Antalya, 2017<\/li>\n<li>DUYULAR TEST\u0130, Antalya, 2017<\/li>\n<li>M\u0130N\u0130 MENTAL TEST, Antalya, 2017<\/li>\n<li>AMER\u0130KAN H\u0130PERAKT\u0130V\u0130TE \u00d6L\u00c7E\u011e\u0130, Antalya, 2017<\/li>\n<li>\u00c7OCUKLAR \u0130\u00c7\u0130N DEPRESYON \u00d6L\u00c7E\u011e\u0130, Antalya, 2017<\/li>\n<li>\u00c7OCUKLAR \u0130\u00c7\u0130N ANKS\u0130YETE \u00d6L\u00c7E\u011e\u0130, Antalya, 2017<\/li>\n<\/ol>\n<p>\n<\/div><\/div><\/div><\/div><\/div><\/section><section class=\"kc-elm kc-css-286267 kc_row\"><div class=\"kc-row-container  kc-container\"><div class=\"kc-wrap-columns\"><div class=\"kc-elm kc-css-799430 kc_col-sm-12 kc_column kc_col-sm-12\"><div class=\"kc-col-container\"><div class=\"kc-elm kc-css-612329 kc_text_block\"><\/p>\n<p>\n<\/div><\/div><\/div><\/div><\/div><\/section><section class=\"kc-elm kc-css-606503 kc_row\"><div class=\"kc-row-container  kc-container\"><div class=\"kc-wrap-columns\"><div class=\"kc-elm kc-css-544651 kc_col-sm-12 kc_column kc_col-sm-12\"><div class=\"kc-col-container\">\n<div class=\"kc-elm kc-css-813738 kc-call-to-action kc-cta-3 kc-is-button\">\n\n\t<div class=\"kc-cta-desc\"><h2>De\u011ferlendirme ve Aile Bilgi Formu<\/h2><div class=\"kc-cta-text\">Detayl\u0131 bilgi almak i\u00e7in formu doldurunuz.\r\nUzmanlar\u0131m\u0131z en k\u0131sa s\u00fcrede sizinle ileti\u015fime ge\u00e7ecektir.<\/div><\/div><div class=\"kc-cta-button\"><a href=\"https:\/\/burcukaplan.com\/index.php\/degerlendirme-ve-aile-bilgi-formu\/\" title=\"DE\u011eERLEND\u0130RME VE A\u0130LE B\u0130LG\u0130 FORMU\">Forma git <span class=\"kc-cta-icon\"><i class=\"fab-wpforms\"><\/i><\/span><\/a><\/div>\n<\/div>\n<\/div><\/div><\/div><\/div><\/section><section class=\"kc-elm kc-css-229015 kc_row\"><div class=\"kc-row-container  kc-container\"><div class=\"kc-wrap-columns\"><div class=\"kc-elm kc-css-213618 kc_col-sm-12 kc_column kc_col-sm-12\"><div class=\"kc-col-container\"><div class=\"kc-elm kc-css-296609 kc_text_block\"><\/p>\n<p>\n<\/div><\/div><\/div><\/div><\/div><\/section><\/p>\n","protected":false},"excerpt":{"rendered":"","protected":false},"author":1,"featured_media":0,"parent":0,"menu_order":0,"comment_status":"closed","ping_status":"closed","template":"","meta":[],"_links":{"self":[{"href":"https:\/\/burcukaplan.com\/index.php\/wp-json\/wp\/v2\/pages\/400"}],"collection":[{"href":"https:\/\/burcukaplan.com\/index.php\/wp-json\/wp\/v2\/pages"}],"about":[{"href":"https:\/\/burcukaplan.com\/index.php\/wp-json\/wp\/v2\/types\/page"}],"author":[{"embeddable":true,"href":"https:\/\/burcukaplan.com\/index.php\/wp-json\/wp\/v2\/users\/1"}],"replies":[{"embeddable":true,"href":"https:\/\/burcukaplan.com\/index.php\/wp-json\/wp\/v2\/comments?post=400"}],"version-history":[{"count":4,"href":"https:\/\/burcukaplan.com\/index.php\/wp-json\/wp\/v2\/pages\/400\/revisions"}],"predecessor-version":[{"id":467,"href":"https:\/\/burcukaplan.com\/index.php\/wp-json\/wp\/v2\/pages\/400\/revisions\/467"}],"wp:attachment":[{"href":"https:\/\/burcukaplan.com\/index.php\/wp-json\/wp\/v2\/media?parent=400"}],"curies":[{"name":"wp","href":"https:\/\/api.w.org\/{rel}","templated":true}]}}